
Is 7 a factor of 611911?
False
Is 75 a factor of 2930700?
True
Is 9071316 a multiple of 87?
True
Is 30 a factor of 2569275?
False
Does 5 divide 561100?
True
Does 3 divide 1072388?
False
Does 132 divide 9884419?
False
Is 22 a factor of 307032?
True
Does 37 divide 216413?
True
Is 863876 a multiple of 898?
True
Does 71 divide 8634?
False
Does 421 divide 1063867?
True
Is 332 a factor of 10998695?
False
Is 588 a factor of 86056?
False
Is 60 a factor of 3572532?
False
Is 118 a factor of 8189713?
False
Does 1108 divide 12946980?
True
Is 318738 a multiple of 127?
False
Is 15 a factor of 302311?
False
Does 26 divide 4253158?
True
Is 146 a factor of 279882?
True
Does 21 divide 57117?
False
Is 1895007 a multiple of 3?
True
Is 246702 a multiple of 6?
True
Is 11 a factor of 3487?
True
Does 123 divide 12418203?
True
Is 3 a factor of 73717?
False
Is 1797300 a multiple of 14?
False
Is 799072 a multiple of 35?
False
Is 13483 a multiple of 228?
False
Is 192734 a multiple of 29?
True
Does 15 divide 4995?
True
Is 17 a factor of 1035113?
True
Does 34 divide 1031170?
False
Is 7875780 a multiple of 54?
False
Is 5 a factor of 12036960?
True
Does 13 divide 7540611?
True
Is 11 a factor of 2562978?
True
Is 4 a factor of 379628?
True
Does 61 divide 673393?
False
Is 612686 a multiple of 79?
False
Is 381 a factor of 50673?
True
Does 72 divide 1273825?
False
Is 5 a factor of 87845?
True
Is 26 a factor of 30443?
False
Is 22 a factor of 673728?
True
Does 25 divide 561575?
True
Is 86 a factor of 662968?
False
Does 21 divide 3480899?
False
Does 41 divide 1776725?
False
Does 1905 divide 7304285?
False
Is 8 a factor of 369144?
True
Is 422879 a multiple of 56?
False
Is 208030 a multiple of 6?
False
Is 9515954 a multiple of 299?
False
Is 178 a factor of 2138848?
True
Does 7 divide 140882?
True
Is 120 a factor of 659722?
False
Is 124 a factor of 20336?
True
Is 38 a factor of 3720774?
False
Is 273086 a multiple of 2?
True
Is 435 a factor of 468495?
True
Does 5 divide 112324?
False
Does 85 divide 186859?
False
Is 8 a factor of 21264?
True
Does 25 divide 3216?
False
Is 1216755 a multiple of 46?
False
Does 1971 divide 2554416?
True
Is 21 a factor of 52311?
True
Is 175 a factor of 169750?
True
Does 63 divide 498582?
True
Is 232995 even?
False
Does 157 divide 384179?
True
Does 7 divide 2614836?
True
Is 71175 a multiple of 39?
True
Does 1180 divide 1871482?
False
Is 3139830 a multiple of 174?
True
Does 18 divide 402138?
True
Is 775179 a multiple of 65?
False
Is 7 a factor of 32669?
True
Does 996 divide 2192355?
False
Is 32 a factor of 2187841?
False
Does 67 divide 647209?
False
Does 11 divide 4678960?
True
Is 7923486 a multiple of 206?
False
Is 990 a factor of 2266114?
False
Is 518784 a multiple of 64?
True
Is 3071 even?
False
Is 226 a factor of 5318006?
True
Does 82 divide 2206046?
True
Does 113 divide 558017?
False
Is 10 a factor of 241151?
False
Is 90394 a multiple of 2?
True
Is 512490 a multiple of 330?
True
Does 245 divide 714665?
True
Is 616 a factor of 10093282?
False
Is 2086203 a multiple of 21?
True
Is 293 a factor of 1507410?
False
Is 201 a factor of 194434?
False
Is 27 a factor of 2484?
True
Is 65 a factor of 1856400?
True
Is 10579262 a multiple of 10?
False
Does 7 divide 2326577?
False
Is 178941 a multiple of 23?
False
Is 123822 a multiple of 36?
False
Does 16 divide 6481168?
True
Is 663964 a multiple of 23?
True
Is 45 a factor of 253215?
True
Is 17258860 a multiple of 20?
True
Is 1631770 a multiple of 35?
True
Is 257 a factor of 17896415?
False
Does 91 divide 854672?
True
Is 116680 a multiple of 5?
True
Does 8 divide 164333?
False
Is 1706364 a multiple of 22?
True
Is 27 a factor of 2322913?
False
Does 15 divide 257588?
False
Does 17 divide 783105?
True
Is 14 a factor of 10977003?
False
Is 14 a factor of 157500?
True
Is 10297 a multiple of 68?
False
Is 30 a factor of 4032540?
True
Does 88 divide 254418?
False
Is 6218 a multiple of 23?
False
Is 2863603 a multiple of 337?
False
Does 90 divide 202590?
True
Is 936 a factor of 88920?
True
Is 1285856 a multiple of 208?
True
Is 12 a factor of 2439602?
False
Is 70303 a multiple of 307?
True
Does 12 divide 654406?
False
Is 261 a factor of 1578238?
False
Does 192 divide 1029165?
False
Is 21 a factor of 153265?
False
Is 32 a factor of 601373?
False
Does 1089 divide 3713490?
True
Is 682983 a multiple of 259?
True
Does 19 divide 11170?
False
Is 1502803 a multiple of 162?
False
Does 13 divide 4358668?
False
Is 9 a factor of 2488222?
False
Does 73 divide 398947?
False
Is 14 a factor of 21125?
False
Is 36 a factor of 442044?
True
Is 966792 a multiple of 4?
True
Does 361 divide 784216?
False
Is 1225126 a multiple of 32?
False
Does 71 divide 76263?
False
Is 1361248 a multiple of 224?
True
Is 312661 a multiple of 83?
True
Is 5109909 a multiple of 61?
True
Is 33 a factor of 93720?
True
Is 4753426 a multiple of 5?
False
Is 79 a factor of 2417495?
False
Does 289 divide 303428?
False
Does 332 divide 130144?
True
Is 455 a factor of 4478565?
True
Is 7064022 a multiple of 553?
True
Does 14 divide 395808?
True
Does 82 divide 715450?
True
Does 42 divide 55062?
True
Is 16 a factor of 1277104?
True
Is 101 a factor of 255328?
True
Does 690 divide 19136460?
True
Is 136215 a multiple of 2?
False
Is 12037683 a multiple of 833?
True
Is 3613342 a multiple of 946?
False
Is 77518 a multiple of 180?
False
Is 1361726 a multiple of 15?
False
Is 14 a factor of 46242?
True
Is 177 a factor of 349752?
True
Is 14 a factor of 40320?
True
Is 2149272 a multiple of 34?
False
Is 515 a factor of 1884651?
False
Does 61 divide 256078?
True
Is 3336613 a multiple of 188?
False
Is 355011 a multiple of 51?
True
Is 49374 even?
True
Is 13616863 a multiple of 1901?
True
Is 196125 a multiple of 523?
True
Is 274 a factor of 614034?
True
Is 3647742 a multiple of 881?
False
Is 72 a factor of 1453824?
True
Is 206 a factor of 79706?
False
Does 65 divide 2898839?
False
Does 412 divide 720165?
False
Is 122 a factor of 38852?
False
Is 37044 a multiple of 6?
True
Does 7 divide 208115?
False
Is 6786521 a multiple of 27?
False
Does 51 divide 7011?
False
Is 94974 a multiple of 59?
False
Is 9272718 a multiple of 663?
True
Does 28 divide 2058924?
True
Is 71 a factor of 311443?
False
Does 498 divide 1959132?
True
Is 10148841 a multiple of 152?
False
Is 96 a factor of 148656?
False
Is 737234 a multiple of 211?
True
Does 609 divide 3734162?
False
Does 5 divide 819125?
True
Is 8 a factor of 688327?
False
Does 19 divide 401147?
True
Does 80 divide 261680?
True
Does 332 divide 2804404?
True
Is 1639539 a multiple of 65?
False
Is 95 a factor of 165382?
False
Does 154 divide 1118194?
True
Is 55 a factor of 40460?
False
Is 1090 a factor of 10256701?
False
Is 3 a factor of 5211?
True
Is 1953836 a multiple of 103?
False
Does 48 divide 1263312?
True
Is 4 a factor of 45024?
True
Is 671 a factor of 6791782?
False
Is 52 a factor of 290004?
True
Is 108511 a multiple of 41?
False
Is 294266 a multiple of 380?
False
Is 295316 a multiple of 14?
True
Does 235 divide 2581?
False
Is 11 a factor of 92740?
False
Is 1263636 a multiple of 11?
True
Is 172237 a multiple of 166?
False
Is 122163 a multiple of 33?
False
Does 14 divide 3206?
True
Does 3 divide 35029?
False
Does 192 divide 634752?
True
Is 990432 a multiple of 16?
True
Is 408 a factor of 402220?
False
Is 112953 a multiple of 127?
False
Is 224 a factor of 847616?
True
Is 285801 a multiple of 21?
False
Is 339829 a multiple of 73?
False
Does 60 divide 613144?
False
Is 9258615 a multiple of 14?
False
Does 450 divide 365181?
False
Does 30 divide 140250?
True
Is 820949 a multiple of 61?
False
Is 420178 a multiple of 269?
True
Does 7 divide 243488?
True
Is 4590720 a multiple of 16?
True
Does 71 divide 9295391?
True
Is 5049371 a multiple of 251?
False
Does 252 divide 234230?
False
Does 75 divide 352237?
False
Does 25 divide 1204407?
False
Is 226 a factor of 49021?
False
Does 184 divide 1665196?
False
Is 184 a factor of 34408?
True
Is 38420 a multiple of 4?
True
Is 469167 a multiple of 57?
True
Does 139 divide 21191106?
True
Is 286462 a multiple of 254?
False
Is 119358 a multiple of 3?
True
Does 33 divide 308230?
False
Is 2 a factor of 69942?
True
Is 25 a factor of 6723091?
False
Is 275275 a multiple of 15?
False
Is 24 a factor of 54587?
False
Does 16 divide 54716?
False
Is